. Calculate the highest common factor of 15 and t.
3
Suppose 196 = 12*o + 16. Let u be (-10)/(4/(-66) - 0). Calculate the highest common factor of u and o.
15
Let u = 72 + -18. Calculate the highest common divisor of 12 and u.
6
Suppose 4*w - 3*l + 17 = -27, 0 = 5*w + 3*l + 55. Let p be -1*(w + (-2)/(-1)). Calculate the greatest common divisor of 9 and p.
9
Suppose d - 188 = -4*t, -2*d - 62 - 42 = -2*t. Let g = 9 - 4. Suppose g*l - 26 - 34 = 0. What is the highest common divisor of t and l?
12
Suppose -5*s = -3*p - 154, p = 2*s - 44 - 18. Calculate the highest common divisor of s and 32.
32
Let z be (5 - 0)/((-1)/(-17)). What is the greatest common factor of 17 and z?
17
Let a(l) = -l**3 + 5*l**2 - 3*l - 4. Let c be a(3). Suppose 3*t = c*m - 537 - 198, -t = 5*m - 715. What is the highest common factor of 18 and m?
18
Suppose 0 = -l - 5*l + 66. What is the greatest common divisor of 11 and l?
11
Suppose -3*x - 6 = -114. Let g be (-426)/(-18) + (-2)/(-6). What is the highest common divisor of x and g?
12
Let a(j) = -j**2 - 15*j - 21. Let v be a(-12). Calculate the greatest common factor of v and 240.
15
Let r(j) = -45*j**2 + j - 1. Let l be r(1). Let b be 1/(1/l*-3). What is the greatest common factor of b and 3?
3
Let c = 12 + -8. Suppose 5 + 27 = c*o. Let r(i) = i**3 - 6*i**2 + 2*i - 8. Let b be r(6). What is the greatest common factor of o and b?
4
Suppose 4*b - 8 = 0, -3*x + 7*x - 5*b = 298. Let g(s) = -s**2 - 7*s + 1. Let j be g(-6). Calculate the greatest common divisor of x and j.
7
Let h be 2*5/((-20)/8). Let c = h - -9. What is the greatest common factor of c and 5?
5
Suppose -6*u - 52 + 160 = 0. Calculate the greatest common divisor of 18 and u.
18
Suppose 5*g - 225 - 425 = 0. Calculate the greatest common factor of g and 10.
10
Suppose -3*k - 4*m + 10 = 0, k + 3 = 3*m + 2*m. Let p(c) = -5*c**3 - k*c**3 - 5*c**3 - c**2. Let o be p(-1). What is the highest common factor of 99 and o?
11
Let s = 5 - 1. Let n(b) = 5*b + 2. Let r be n(s). Let o(m) = 2*m**2 + 5*m - 1. Let c be o(-4). Calculate the highest common divisor of r and c.
11
Let b be (-55)/15 - 4/(-6). Let f be (81/45)/(b/(-10)). Calculate the highest common divisor of f and 4.
2
Let j = -9 + 152. Calculate the greatest common factor of j and 13.
13
Let z = -42 + 52. Let l = 25 + -16. Suppose -l*t - 136 = -z*t. Calculate the highest common factor of 17 and t.
17
Let f(c) = c + 2 + 3*c + 4*c - 2*c. Let v be f(3). What is the greatest common divisor of 220 and v?
20
Let l(a) = -11*a**3 + a**2 + 6*a. Let m be l(-2). What is the greatest common factor of m and 60?
20
Let z(t) = -81*t**2 + 6*t - 4. Let k be z(2). Let y = -262 + 122. Let j = y - k. Calculate the highest common divisor of 16 and j.
16
Let a be -5*(-1 - (-2 + 2)). Suppose a*d - 6*j = -j + 255, -5*d + 243 = j. What is the greatest common divisor of 7 and d?
7
Let j = -7 + 10. Suppose 3*z = -9, -y - 2*z - j = 11. Let c = 15 + y. Calculate the highest common divisor of c and 63.
7
Let p(y) = 70*y**3 - 2*y**2 + y. Let t be p(1). Let w be ((-6)/5)/(2/60). Let n = w + t. What is the greatest common divisor of n and 11?
11
Let z be (4/6)/(13/351). Calculate the highest common divisor of z and 27.
9
Let x be (-1)/1*2 - -87. Suppose -2*i - i - 4*v = -88, -v = 3*i - x. Calculate the greatest common divisor of i and 7.
7
Let o(s) = 4*s**2 - 2*s + 1. Let i be o(1). Suppose 3*j - 238 = -2*f - i*f, 2*j - 242 = -5*f. Calculate the greatest common factor of f and 20.
10
Let y = -3 + 6. Suppose 0 = t - w - 1, 2*t - 4*w + 1 = w. What is the highest common divisor of y and t?
1
Let m = -17 - -27. Let y(k) = -4*k + k**2 + 0*k + 4 - k. Let a be y(5). What is the greatest common factor of m and a?
2
Let a be ((-2)/14 - 69/(-42))*16. Suppose -p - 3 + 11 = 0. What is the highest common factor of p and a?
8
Let u(q) = -4*q**3 + 2*q**2 - q. Let m be u(-2). Calculate the highest common factor of m and 28.
14
Suppose 0 = 7*d - 1233 - 335. What is the greatest common factor of 32 and d?
32
Suppose -5*c + 15 = 0, 5*o + 4*c - 42 = -0*c. What is the greatest common divisor of o and 2?
2
Let j = 12 - 1. Calculate the greatest common divisor of 88 and j.
11
Let j be -3 + (-26 - -1)*(-10)/25. Calculate the greatest common factor of j and 28.
7
Suppose -4*q - 4*s + 10 = -14, 0 = -q - 3*s + 14. Suppose -q*k = 2*k - 56. Calculate the highest common divisor of 98 and k.
14
Suppose 6*t = t + 20. Suppose 0 = -t*g + 6*g - 10. What is the greatest common divisor of g and 55?
5
Let v(b) = b**3 + 5*b**2 - 4*b + 3. Let y be 1/(-1*(-1)/(-5)). Let z be v(y). Let t be -3*(368/(-6))/1. What is the greatest common factor of t and z?
23
Suppose -5*a = -0*a - 550. Suppose 3*l - 8*l = -a. What is the highest common factor of 11 and l?
11
Let x = 15 - 9. Suppose -4*l - 3*o + 28 = 0, 27 - 7 = l + 4*o. Calculate the highest common divisor of x and l.
2
Let t be 4/10 + 2828/5. Suppose -2*q - l = -282, 4*q + 7*l = 4*l + t. Calculate the highest common factor of 20 and q.
20
Let f(x) = -x**2 - 11*x - 16. Let d be f(-7). Calculate the greatest common factor of d and 156.
12
Suppose 8*u - 3*u = -g - 121, 2*u = 4*g - 44. Let j = 66 + u. Calculate the highest common factor of j and 28.
14
Let p be (18/45)/(1/5). Let q be 77/1*p/2. Let i = 10 - 3. What is the highest common divisor of i and q?
7
Suppose -2*y + 16 + 0 = 0. Let j(d) = -3*d - 7. Let t be j(-5). Suppose h - 2*p - t = 0, 5*h + 0*p = 2*p + 16. What is the greatest common factor of h and y?
2
Suppose w + 4*w - 3*x = -50, 0 = 5*w - x + 50. Let m = w + 11. Let b be (-3 - m)/(-1) - 2. What is the highest common divisor of b and 2?
2
Let q(g) = -g**3 - 8*g**2 - 8*g + 10. Let a be q(-8). Let x = a + -9. Calculate the highest common divisor of x and 13.
13
Let z = -19 - -17. Let i be (z + (-28)/(-12))*33. Calculate the greatest common divisor of i and 99.
11
Let t be (-1)/(-2 + 21/12). Suppose 0 = -t*x + 2*x + 16. What is the greatest common divisor of x and 32?
8
Let s(w) = -w**2 + 4*w - 2. Let y be s(2). Suppose -y*n + 10 - 2 = 0. Let r = 41 + -21. What is the greatest common divisor of r and n?
4
Let o(b) = 7*b**2 - 3*b + 2. Let t be o(1). What is the highest common divisor of t and 24?
6
Suppose 3*t + 4 + 0 = -s, 5*t = 3*s - 16. Let q = 4 + 0. Suppose 0 - q = -2*v. Calculate the highest common divisor of v and s.
2
Let n be 19 + 2 + 0 + -1. Let u be ((-66)/5)/((-2)/n). Calculate the highest common factor of u and 12.
12
Let i be 40/((-2)/4 + 1). What is the highest common factor of 20 and i?
20
Let u(o) = o - 6. Let y be u(10). Calculate the highest common divisor of y and 36.
4
Let l(w) = -6*w - 3 + 4 + 2*w. Suppose 3*u - 2 = -5. Let r be l(u). What is the highest common factor of 25 and r?
5
Suppose -3*x - 3 = -2*x, l - 4*x - 155 = 0. Let o = l - 59. Suppose 0 = 5*n - 43 - 17. Calculate the greatest common factor of n and o.
12
Let g be 1 + (-2)/(-1*2). Let x = -14 - -18. Calculate the greatest common divisor of x and g.
2
Suppose -4*w + u + 2*u + 102 = 0, -5*w + 2*u = -124. Suppose -2 = 2*n - w. Calculate the greatest common divisor of n and 33.
11
Let o = 20 + -15. Suppose 5*w - 12 = u, 6*w - o*w = -u + 12. Calculate the greatest common divisor of 56 and u.
8
Let t(o) = 3*o**2 + 4*o + 1. Let m be t(3). Suppose -5*p + 76 = -4. Calculate the highest common factor of p and m.
8
Let f be -1 - (-3 + 0 + 0). Suppose 4*r - 70 = -3*d, 0*d = -3*r - 4*d + 56. What is the greatest common factor of r and f?
2
Let y = 120 + -84. What is the greatest common divisor of y and 4?
4
Suppose 3*c - 647 = -71. Suppose 2*u + 2*l = c, -4*u + 161 = 2*l - 229. Let t be (-65)/(-7) + 4/(-14). Calculate the greatest common factor of t and u.
9
Let s(j) = j**2 + 12. Let z be s(0). Let o = 3 - 3. Suppose z + o = g. Calculate the highest common factor of 108 and g.
12
Let z(r) = -r**3 - 2*r**2 + 2*r. Let w be z(-3). Suppose -w*p + 62 = -37. What is the highest common divisor of 22 and p?
11
Let b(g) = g + 3. Let f be b(5). Let p(m) = -2*m + 6. Let d be p(-5). Calculate the greatest common divisor of d and f.
8
Let y(l) = 14*l - 6. Suppose 0 = 2*s + 10, 3*h + 4*s + 40 = 7*h. Let a be y(h). Suppose -3*r + 7*r = a. Calculate the highest common divisor of 32 and r.
16
Let j(n) = n**2 + 14*n + 18. Let x be j(-13). Suppose -2*c - 2*y + 108 = -5*y, -x*c - 3